76967 composite?
False
Is 347129 prime?
True
Is 29243437 composite?
True
Is 16455773 a composite number?
False
Is 2019959 a composite number?
False
Is 380761 a prime number?
False
Is 4840399 a prime number?
True
Is 2900429 composite?
True
Is 37824661 a composite number?
True
Is 74989963 a composite number?
False
Is 2295103 a composite number?
False
Is 563600737 prime?
False
Is 12704717 a composite number?
True
Is 6905123 a prime number?
True
Is 3727247 prime?
True
Is 381424777 a composite number?
False
Is 1087537 a prime number?
False
Is 21628931 a prime number?
False
Is 3472099 a composite number?
True
Is 4619773 a prime number?
True
Is 237460681 a prime number?
True
Is 35680571 a prime number?
True
Is 16010087 a prime number?
True
Is 39259469 prime?
True
Is 852079 a prime number?
True
Is 33506359 a composite number?
False
Is 10904099 prime?
True
Is 56454355 a prime number?
False
Is 296592763 a prime number?
True
Is 2967187 composite?
False
Is 895847 prime?
False
Is 27342785 prime?
False
Is 1804841 a composite number?
False
Is 50688103 composite?
False
Is 22958779 a composite number?
True
Is 13479233 a composite number?
False
Is 1596649 a composite number?
False
Is 1505953 a composite number?
False
Is 16990073 composite?
True
Is 15321 a prime number?
False
Is 31621897 a prime number?
True
Is 21207905 prime?
False
Is 1664771 composite?
False
Is 2108597 composite?
False
Is 12006493 a composite number?
True
Is 1619887 a composite number?
False
Is 220921 a composite number?
True
Is 26728787 a prime number?
True
Is 763967 a composite number?
False
Is 93631561 prime?
False
Is 240525709 a prime number?
True
Is 2009593 a prime number?
True
Is 30347359 a composite number?
True
Is 16383431 a composite number?
False
Is 519677 prime?
False
Is 830160077 composite?
False
Is 88024409 composite?
True
Is 4797323 prime?
False
Is 3982741 a prime number?
False
Is 110116009 composite?
True
Is 77980709 a composite number?
False
Is 5818551 composite?
True
Is 261509437 a composite number?
True
Is 757793 prime?
True
Is 249260047 a prime number?
False
Is 1142539 composite?
False
Is 7257073 a prime number?
True
Is 6540179 prime?
False
Is 2212583 a prime number?
False
Is 1076739629 a prime number?
False
Is 82078747 prime?
False
Is 9584677 prime?
False
Is 4594153 composite?
True
Is 4256897 a composite number?
False
Is 9119777 prime?
False
Is 1811566 a composite number?
True
Is 89444643 prime?
False
Is 512189 a composite number?
True
Is 79841365 a prime number?
False
Is 152565631 a prime number?
False
Is 29338763 composite?
True
Is 2227985 a composite number?
True
Is 27328987 composite?
True
Is 5600237 prime?
True
Is 17573351 a composite number?
False
Is 474607 a composite number?
True
Is 198995 a prime number?
False
Is 373188863 a composite number?
False
Is 27439631 a prime number?
False
Is 80571917 a composite number?
False
Is 21838217 prime?
False
Is 1702459 a composite number?
True
Is 38809735 composite?
True
Is 20891305 composite?
True
Is 22708067 a composite number?
False
Is 155280523 a composite number?
False
Is 65051521 a composite number?
True
Is 9431339 a prime number?
False
Is 1205111 a composite number?
True
Is 1957603 a prime number?
False
Is 2275651 composite?
True
Is 4238669 a composite number?
True
Is 16483739 a prime number?
True
Is 42487 prime?
True
Is 1976039 composite?
True
Is 76516943 a composite number?
False
Is 201737 prime?
False
Is 641129 composite?
False
Is 1100681 composite?
False
Is 606581 a prime number?
True
Is 568363426 a prime number?
False
Is 138258353 a composite number?
False
Is 4779559 prime?
False
Is 5878721 prime?
True
Is 24073883 a prime number?
False
Is 6421981 prime?
False
Is 12008353 prime?
False
Is 107254349 a prime number?
True
Is 17847679 a composite number?
True
Is 2311469 a composite number?
False
Is 177688543 prime?
True
Is 152164879 a prime number?
False
Is 45704077 a prime number?
False
Is 6238579 prime?
True
Is 287912513 prime?
False
Is 15744811 composite?
True
Is 11823217 prime?
False
Is 8345717 composite?
True
Is 61307879 prime?
True
Is 9148423 a composite number?
False
Is 3545062 composite?
True
Is 2617363 composite?
True
Is 96551291 a prime number?
False
Is 11858533 a composite number?
False
Is 15380903 composite?
True
Is 979093 a composite number?
False
Is 9619954 a prime number?
False
Is 66136099 prime?
True
Is 1542753559 prime?
False
Is 18930181 composite?
True
Is 211466747 prime?
False
Is 1724777 composite?
True
Is 15709737 a composite number?
True
Is 175086719 prime?
False
Is 27308527 a composite number?
False
Is 452096273 a composite number?
False
Is 5699651 a composite number?
True
Is 135116987 prime?
True
Is 39532067 prime?
False
Is 5843639 composite?
False
Is 517093 prime?
False
Is 12962587 prime?
False
Is 1156537 a prime number?
True
Is 36881 a prime number?
False
Is 40254509 prime?
True
Is 128756059 composite?
False
Is 23814763 prime?
False
Is 10600831 a composite number?
False
Is 88350307 composite?
False
Is 2588923 a composite number?
False
Is 9062443 a composite number?
True
Is 1109545 prime?
False
Is 72973203 a composite number?
True
Is 2930498 a composite number?
True
Is 12539585 a prime number?
False
Is 16020233 composite?
False
Is 9512497 prime?
True
Is 63750797 a composite number?
True
Is 4272613 composite?
False
Is 6960553 prime?
False
Is 35321861 composite?
True
Is 91462061 prime?
True
Is 80847401 a prime number?
False
Is 5278519 a composite number?
False
Is 116721938 a composite number?
True
Is 1278809 a composite number?
True
Is 43401359 a composite number?
False
Is 14641069 prime?
True
Is 2058767 a composite number?
False
Is 106801949 a composite number?
True
Is 196255429 prime?
False
Is 19905583 prime?
True
Is 1107403 composite?
True
Is 5168201 composite?
False
Is 458131 a composite number?
True
Is 260839427 prime?
False
Is 121541317 a prime number?
False
Is 949987 a composite number?
False
Is 6622897 prime?
True
Is 41347787 a composite number?
True
Is 21490565 a composite number?
True
Is 27239543 a prime number?
True
Is 2106119 prime?
False
Is 9440723 a prime number?
True
Is 25084037 a prime number?
False
Is 35781787 prime?
False
Is 586787 prime?
True
Is 42562087 composite?
False
Is 90140639 a prime number?
True
Is 383269 a composite number?
True
Is 12523961 prime?
False
Is 3442847 prime?
False
Is 5750093 a prime number?
True
Is 428119751 a composite number?
False
Is 904979 composite?
True
Is 13672057 composite?
True
Is 132497231 composite?
False
Is 14933081 prime?
True
Is 28088462 a prime number?
False
Is 55611103 a prime number?
True
Is 31147631 prime?
False
Is 1074855785 a composite number?
True
Is 10771289 a prime number?
True
Is 74948309 composite?
True
Is 105611893 a composite number?
False
Is 331361 a composite number?
True
Is 5258023 a prime number?
True
Is 48989267 a composite number?
False
Is 73660999 prime?
True
Is 523267711 composite?
False
Is 28320447 a prime number?
False
Is 5228809 a prime number?
False
Is 4498059 prime?
False
Is 364317995 prime?
False
Is 109267889 a composite number?
False
Is 20572489 prime?
False
Is 45589613 a prime number?
True
Is 130230929 prime?
True
Is 15219221 a prime number?
True
Is 15325319 a prime number?
True
Is 44806053 composite?
True
Is 2703401 composite?
False
Is 999269 a prime number?
True
Is 56818819 composite?
True
Is 16047373 a prime number?
True
Is 4100653 prime?
False
Is 271629929 composite?
True
Is 164548489 composite?
True
Is 209519 composite?
False
Is 151021 a composite number?
True
Is 191911507 a prime number?
True
Is 128480722 composite?
True
Is 2874673 a prime number?
True
Is 13974911 composite?
False
Is 20746201 composite?
True
Is 3321331 a prime number?
False
Is 1126141 prime?
False
Is 3076327 composite?
False
Is 33114313 a composite number?
True
Is 23705219 prime?
True
Is 10773143 prime?
True
Is 913061 composite?
True
Is 3140069 composite?
False
Is 14115073 composite?
True
Is 18650449 composite?
True
Is 1675147 prime?
False
Is 9303739 prime?
False
Is 210527 a prime number?
True
Is 30373507 a composite number?
False
Is 35771 prime?
True
Is 6660551 prime?
True
Is 162315883 prime?
False
Is 1009559 a composite number?
False
Is 1709473 a prime number?
True
Is 3369127 composite?
True
Is 8717647 a composite number?
True
Is 171061981 